{"id":2050,"date":"2024-07-11T11:22:48","date_gmt":"2024-07-11T09:22:48","guid":{"rendered":"https:\/\/www.serpistar.com\/ssisles\/?page_id=2050"},"modified":"2024-07-11T11:36:41","modified_gmt":"2024-07-11T09:36:41","slug":"aviso-legal","status":"publish","type":"page","link":"https:\/\/www.serpistar.com\/ssisles\/aviso-legal\/","title":{"rendered":"Aviso Legal"},"content":{"rendered":"<p><strong><u>Datos identificativos<\/u><\/strong><\/p><p>En cumplimiento con el deber de informaci\u00f3n recogido en art\u00edculo 10 de la Ley 34\/2002, de 11 de julio, de Servicios de la Sociedad de la Informaci\u00f3n y del Comercio Electr\u00f3nico, a continuaci\u00f3n, se reflejan los siguientes datos: el titular de <a href=\"%20https:\/www.serpistar.com%20\">&nbsp;https:\/\/www.serpistar.com <\/a>&nbsp;es Security Systems Import S.L. &nbsp;&nbsp;(en adelante TITULAR), con domicilio a estos efectos en c\/ Quevedo 19, 33204 Gij\u00f3n, Asturias. CIF: B33830506. Correo electr\u00f3nico ssi@serpistar.com.<\/p><p><strong><u>Usuarios<\/u><\/strong><\/p><p>El acceso y\/o uso de este portal del TITULAR atribuye la condici\u00f3n de USUARIO, que acepta, desde dicho acceso y\/o uso, las Condiciones Generales de Uso aqu\u00ed reflejadas.<\/p><p><strong><u>Uso del portal<\/u><\/strong><\/p><p>www.serpistar.com proporciona el acceso a informaciones, servicios, programas o datos (en adelante, \u201clos contenidos\u201d) en Internet pertenecientes al TITULAR a los que el USUARIO pueda tener acceso. El USUARIO asume la responsabilidad del uso del portal. Dicha responsabilidad se extiende al registro que fuese necesario para acceder a determinados servicios o contenidos. En dicho registro el USUARIO ser\u00e1 responsable de aportar informaci\u00f3n veraz y l\u00edcita. El USUARIO se compromete a hacer un uso adecuado de los contenidos y servicios que el TITULAR ofrece a trav\u00e9s de su p\u00e1gina web.<\/p><p><strong><u>Propiedad intelectual e industrial<\/u><\/strong><\/p><p>El TITULAR por s\u00ed o como cesionaria, es titular de todos los derechos de propiedad intelectual e industrial de www.serpistar.com, as\u00ed como de los elementos contenidos en la misma. Todos los derechos reservados. En virtud de lo dispuesto en los art\u00edculos 8 y 32.1, p\u00e1rrafo segundo, de la Ley de Propiedad Intelectual, quedan expresamente prohibidas la reproducci\u00f3n, la distribuci\u00f3n y la comunicaci\u00f3n p\u00fablica, incluida su modalidad de puesta a disposici\u00f3n, de la totalidad o parte de los contenidos de esta p\u00e1gina web, con fines comerciales, en cualquier soporte y por cualquier medio t\u00e9cnico, sin la autorizaci\u00f3n previa y expresa del TITULAR.<\/p><p><strong><u>Exclusi\u00f3n de garant\u00edas y responsabilidad<\/u><\/strong><\/p><p>El TITULAR no se hace responsable, en ning\u00fan caso, de los da\u00f1os y perjuicios de cualquier naturaleza que pudieran ocasionar el uso de la p\u00e1gina web.<\/p><p><strong><u>Modificaciones<\/u><\/strong><\/p><p>El TITULAR se reserva el derecho de efectuar sin previo aviso las modificaciones que considere oportunas en la p\u00e1gina web.<\/p><p><strong><u>Enlaces<\/u><\/strong><\/p><p>En el caso de que la WEB dispusiese de enlaces o hiperv\u00ednculos hac\u00eda otros sitios de Internet, en ning\u00fan caso el TITULAR asumir\u00e1 responsabilidad alguna por los contenidos de alg\u00fan enlace perteneciente a un sitio web ajeno, ni garantizar\u00e1 la calidad o validez de cualquier material o informaci\u00f3n contenida en ellos. Igualmente la inclusi\u00f3n de estas conexiones externas no implicar\u00e1 ning\u00fan tipo de asociaci\u00f3n, fusi\u00f3n o participaci\u00f3n con las entidades conectadas.<\/p><p><strong><u>Derecho de exclusi\u00f3n<\/u><\/strong><\/p><p>El TITULAR se reserva el derecho a denegar o retirar el acceso a la p\u00e1gina web y\/o los servicios ofrecidos sin necesidad de preaviso, a instancia propia o de un tercero, a aquellos usuarios que incumplan las presentes Condiciones.<\/p><p><strong><u>Modificaci\u00f3n de las presentes condiciones y duraci\u00f3n<\/u><\/strong><\/p><p>El TITULAR podr\u00e1 modificar en cualquier momento las condiciones aqu\u00ed determinadas, siendo debidamente publicadas como aqu\u00ed aparecen. La vigencia de las citadas condiciones ir\u00e1 en funci\u00f3n de su exposici\u00f3n y estar\u00e1n vigentes hasta que sean modificadas por otras debidamente publicadas.<\/p><p><strong><u>Legislaci\u00f3n aplicable y jurisdicci\u00f3n<\/u><\/strong><\/p><p>La relaci\u00f3n entre el TITULAR y el USUARIO se regir\u00e1 por la Legislaci\u00f3n Espa\u00f1ola vigente y cualquier controversia se someter\u00e1 a los tribunales que resulten competentes de conformidad con la legislaci\u00f3n aplicable.<\/p>","protected":false},"excerpt":{"rendered":"<p>Datos identificativos En cumplimiento con el deber de informaci\u00f3n recogido en art\u00edculo 10 de la Ley 34\/2002, de 11 de julio, de Servicios de la Sociedad<span class=\"excerpt-hellip\"> [\u2026]<\/span><\/p>\n","protected":false},"author":1,"featured_media":0,"parent":0,"menu_order":0,"comment_status":"closed","ping_status":"closed","template":"","meta":{"footnotes":""},"class_list":["post-2050","page","type-page","status-publish","hentry"],"_links":{"self":[{"href":"https:\/\/www.serpistar.com\/ssisles\/wp-json\/wp\/v2\/pages\/2050","targetHints":{"allow":["GET"]}}],"collection":[{"href":"https:\/\/www.serpistar.com\/ssisles\/wp-json\/wp\/v2\/pages"}],"about":[{"href":"https:\/\/www.serpistar.com\/ssisles\/wp-json\/wp\/v2\/types\/page"}],"author":[{"embeddable":true,"href":"https:\/\/www.serpistar.com\/ssisles\/wp-json\/wp\/v2\/users\/1"}],"replies":[{"embeddable":true,"href":"https:\/\/www.serpistar.com\/ssisles\/wp-json\/wp\/v2\/comments?post=2050"}],"version-history":[{"count":2,"href":"https:\/\/www.serpistar.com\/ssisles\/wp-json\/wp\/v2\/pages\/2050\/revisions"}],"predecessor-version":[{"id":2061,"href":"https:\/\/www.serpistar.com\/ssisles\/wp-json\/wp\/v2\/pages\/2050\/revisions\/2061"}],"wp:attachment":[{"href":"https:\/\/www.serpistar.com\/ssisles\/wp-json\/wp\/v2\/media?parent=2050"}],"curies":[{"name":"wp","href":"https:\/\/api.w.org\/{rel}","templated":true}]}}